9*b - 10. Let q be d(8). Suppose -14 + q = 4*o. What is the greatest common factor of 1 and o?
1
Let w be (-8)/3*((-255)/20)/1. What is the greatest common divisor of w and 68?
34
Let f = 41 + -36. Let k(b) = 6*b - 3 - 2*b**3 - 3*b**3 + 6*b**3 - 5*b**2. Let u be k(f). Calculate the highest common divisor of u and 3.
3
Suppose s + 32 = -5*q - 8, -2*q - 29 = 3*s. Let u(d) = -7*d + 11. Let m be u(q). What is the greatest common divisor of m and 40?
20
Suppose 4*n = 3*u + n - 57, -4*u = n - 56. Let c be 396/39 + 6/(-39). What is the highest common divisor of u and c?
5
Suppose 2*l + 177 = 3*m, 2*l = 4*m + m - 167. Let h be l/(-2) + (-4 - -2). Let k = h - 22. Calculate the greatest common divisor of 60 and k.
12
Suppose 0 = 3*q - 4*q + 4. Let y be (-5 - 7)*-1*q. What is the greatest common divisor of 12 and y?
12
Let j(t) = 2*t - 5. Let r be j(5). Let h(v) = -3*v - 6. Let b be h(-6). Let n = b - r. What is the greatest common divisor of n and 7?
7
Let b = -46 - -64. Suppose -2*w + x + 3*x - 12 = 0, 4*w + 5*x - 2 = 0. Let a be 11/5 + w/10. Calculate the highest common factor of b and a.
2
Let d be 7/21 + 56/3. Calculate the highest common factor of d and 190.
19
Let j = 131 + -59. Let s be 6 - (-6)/(0 - -3). Calculate the greatest common divisor of s and j.
8
Suppose -7*a = -539 - 161. Calculate the greatest common factor of a and 40.
20
Let i be (0 - -4)/8 - 857/(-2). What is the greatest common factor of i and 39?
39
Suppose 727 - 199 = -3*v. Let b = v - -407. Calculate the highest common factor of b and 21.
21
Let d(m) = -84*m + 9. Let q be d(-3). What is the greatest common divisor of 29 and q?
29
Let x(w) = 13*w**2 + w + 6. Let o be x(3). Calculate the greatest common factor of o and 18.
18
Suppose 4*s = 5*o + 85, -2*o = 5*s + 3*o - 50. Calculate the greatest common factor of 135 and s.
15
Suppose -4 = -0*h + h. Let q = h + 7. Suppose r = -q*r + 24. What is the highest common divisor of 12 and r?
6
Suppose 6*v - 3*v + 21 = u, -2*u = 5*v - 53. Calculate the highest common divisor of 8 and u.
8
Let m be (-5)/(-20) - (-395)/20. Calculate the greatest common divisor of 180 and m.
20
Suppose -39 = 4*v - 439. What is the greatest common divisor of 20 and v?
20
Let x be (-79)/(0 - 1/2). Suppose 3*k + x = -67. Let j = k - -129. Calculate the greatest common divisor of j and 6.
6
Let o = 226 - 126. What is the highest common factor of 25 and o?
25
Let y = 9 + -4. Calculate the greatest common divisor of y and 5.
5
Let r be 9/(-18) - (-18)/4. Suppose -r*d = -4*p - 656, -2*d + 2*p = 2*d - 648. What is the highest common factor of d and 16?
16
Suppose -5*p + 6 + 24 = 0. Suppose 5*c = 4*y + 56, p*c - c - 63 = -3*y. Let i be 1/((-2)/(c/(-3))). Calculate the highest common divisor of 22 and i.
2
Let p(b) = -b**2 - 4*b - 3. Let m be p(-3). Suppose -6*r + r + 10 = m. What is the highest common divisor of 2 and r?
2
Suppose -a + 2 = -0*a. Suppose -4*c = -a*p - 4 - 4, 0 = -3*c + p + 4. Let f(b) = b**2 + 6. Let k be f(c). Calculate the highest common factor of k and 54.
6
Suppose 4 = j + 2*i - 5, -j + 4*i + 21 = 0. Calculate the highest common divisor of 26 and j.
13
Suppose 0 = 7*b - 3*b - 12. Suppose -b*q + q + 6 = 0. Suppose a - 5 - q = 0. Calculate the highest common factor of 16 and a.
8
Let s be 10*(-3 + 8/5 + 2). Let g(q) = 49*q - 1. Let r be g(1). Calculate the greatest common divisor of s and r.
6
Let r(a) be the first derivative of -3*a**2/2 - 12*a - 5. Let c be r(-10). Calculate the highest common factor of c and 144.
18
Let d be 26*(-2 - -4)/1. Let w = d + -28. Suppose 7*i - 9*i + 120 = 0. Calculate the greatest common divisor of w and i.
12
Let w = -193 + 270. Let i = 36 - 25. What is the highest common factor of w and i?
11
Let l = -23 + 15. Let r = 10 + l. Suppose 5*z = 2*k - 16, -3*z + r = -5*k + 23. What is the highest common factor of 1 and k?
1
Let q(g) = -5*g - 7. Let y be q(-5). Let d = -11 + y. Calculate the highest common divisor of 28 and d.
7
Let c = 32 - -4. What is the highest common factor of 90 and c?
18
Let v = -100 + 172. Let d = 38 - 21. Let p = d + 1. What is the greatest common divisor of p and v?
18
Let g = -7 - -11. Let p be 330/g*(-2 - -4). Calculate the highest common factor of p and 15.
15
Let a(f) = 9*f**3 + f**2 - 1. Let z be -3 - (-4 + -3) - 3. Let v be a(z). Calculate the highest common factor of v and 45.
9
Let w(y) = 3*y**2 + y + 3. Let a be w(4). Let d = 72 - 67. Calculate the greatest common factor of d and a.
5
Let s be 7 - (0 - -2)/(-1). Suppose s*p - 70 = 4*p. What is the greatest common factor of p and 28?
14
Let a be 16/(-3) + 2/(-3). Let u(j) = 7*j**2 + 17*j**2 + j**3 - 4 - 17*j**2 + 4*j. Let p be u(a). Calculate the highest common factor of 64 and p.
8
Let p = -3 - -6. Let m = p + 1. What is the greatest common factor of 10 and m?
2
Let s(v) = v**2 + 5*v + 6. Let o be s(-5). Suppose 2*z - 34 - o = 0. Suppose -3*a + 55 = -z. Calculate the highest common divisor of 10 and a.
5
Suppose 78 = 6*q - 30. Calculate the highest common divisor of 2 and q.
2
Suppose 2*z - 4*h - 20 = 0, 2*z + 1 = -3*h - 7. Calculate the greatest common divisor of z and 5.
1
Let d(k) = -k**2 - 17*k + 10. Let i be d(-11). What is the greatest common factor of 19 and i?
19
Let z be (155/(-15))/(1/(-3)). Calculate the highest common factor of 248 and z.
31
Let q = 7 - 14. Let y = q + 11. Suppose -17 = -y*b - 5. What is the greatest common divisor of 2 and b?
1
Suppose -f - 5*k = -0*f - 15, -4*k + 13 = f. Suppose -61 = -4*m + 159. What is the greatest common divisor of m and f?
5
Let z(v) = 0 + v + 1 - 5. Let b(q) = 2. Let n(f) = -5*b(f) - 3*z(f). Let m be n(-8). Calculate the highest common factor of 65 and m.
13
Let c = 35 + -22. What is the greatest common factor of 52 and c?
13
Suppose -3*i + 231 = 3*q - 0*q, -5*i + 2*q = -371. Calculate the highest common divisor of 15 and i.
15
Let j(o) = o**2 + 10*o - 3. Let c be j(-15). Calculate the greatest common divisor of c and 48.
24
Suppose 3*a + 3*n - 280 = n, -a - 4*n = -80. What is the greatest common factor of a and 12?
12
Suppose 18 = -0*n + n + 4*d, -3*d = n - 14. Suppose 0*z + 32 = 3*b + n*z, -5*b = 2*z - 60. Calculate the greatest common factor of 7 and b.
7
Suppose -5*l + 21 = -474. What is the greatest common divisor of 11 and l?
11
Suppose i - 12 = 2*k + 4*i, -i - 4 = -5*k. Suppose k = -4*b + 56 + 40. Calculate the greatest common factor of b and 60.
12
Suppose 0*g = -5*g + 2*y + 335, -2*y = 10. Let q = g + -35. Calculate the greatest common factor of 6 and q.
6
Let d = -2 + 8. Let s = 52 + -10. What is the greatest common factor of s and d?
6
Let s = 53 + -28. Calculate the highest common factor of s and 125.
25
Let b(g) = -g**3 - 13*g**2 - 11*g + 16. Let y be b(-12). Let l be (-3)/1*(-2)/6. Suppose l = -2*t + 13. What is the greatest common divisor of y and t?
2
Let h be 0/1 - (-2 + 0). Suppose -2*w - 4 = -5*k, 4*k - 2*w + 0 = h. Suppose 6*n = 2*n + 12. What is the greatest common divisor of n and k?
1
Let u(o) = -4*o. Suppose -10 = 2*f - 4. Let j be u(f). What is the greatest common factor of j and 60?
12
Let o = 95 - 35. Let l(f) = f**3 + 8*f**2 + 3*f - 2. Let s be l(-3). Let n = o - s. What is the greatest common divisor of 39 and n?
13
Let u(a) = 10*a - 10. Let i be u(10). Let s = i + -63. What is the greatest common divisor of 18 and s?
9
Suppose 156 = 2*o - 2*d + 4*d, 5*o + 3*d - 388 = 0. Suppose -x = -0*v - v + 9, -2*x + 37 = 3*v. Calculate the greatest common divisor of v and o.
11
Let i(x) = -x + 6. Let h be i(0). Let l be (1 - 19)*(-1 - 2). What is the highest common divisor of h and l?
6
Let t = 41 + -17. Let z(q) = 6*q**2 - q + 3. Let c be z(-3). Calculate the greatest common factor of t and c.
12
Suppose 8*d = 3*d + 105. What is the highest common factor of d and 357?
21
Let u = -78 + 87. What is the greatest common factor of 54 and u?
9
Let l be (8/2)/((-1)/14). Let k = 112 - l. Calculate the greatest common factor of k and 21.
21
Let r = 6 - 4. Let y(h) = 41*h + 256. Let m be y(-6). What is the greatest common factor of r and m?
2
Let i = -15 - -17. Calculate the greatest common divisor of i and 2.
2
Let x = 6 + 6. Suppose -3*u + 4*u = 0. Suppose -2*g + u*g = -x. Calculate the greatest common factor of 54 and g.
6
Suppose 0 = -4*w + 5*w - 184. Let i be (0 - 23)*(-